14380386.
9
Calculate the greatest common divisor of 40279 and 425.
1
What is the greatest common factor of 1436809 and 5357?
11
Calculate the greatest common divisor of 36525 and 3675.
75
What is the greatest common factor of 16724 and 189292?
148
What is the greatest common divisor of 828 and 1741974?
138
What is the greatest common divisor of 145848582 and 818?
818
What is the greatest common divisor of 193407 and 6762?
69
Calculate the greatest common divisor of 3951997 and 7071491.
9569
Calculate the highest common divisor of 403 and 14036893.
403
Calculate the highest common divisor of 575 and 1061280.
5
What is the greatest common divisor of 1193994 and 648?
54
What is the greatest common factor of 3466068 and 12?
12
What is the greatest common factor of 934400693 and 134?
67
What is the greatest common divisor of 532 and 3496612?
28
What is the highest common factor of 1980188 and 1764?
196
Calculate the highest common divisor of 176484 and 159867.
573
What is the greatest common factor of 72109244 and 1304?
652
Calculate the highest common divisor of 173147 and 10051.
19
Calculate the highest common divisor of 10950 and 4465410.
2190
Calculate the greatest common divisor of 32636 and 1233004.
796
Calculate the highest common factor of 129349 and 8789.
11
What is the highest common factor of 1960 and 134990?
10
What is the greatest common factor of 1131 and 889083?
39
What is the greatest common divisor of 131768 and 391573?
91
Calculate the highest common factor of 522404336 and 3680.
368
What is the greatest common factor of 92077610 and 2949?
983
Calculate the highest common divisor of 98656 and 27712.
32
What is the highest common factor of 51 and 9938217?
51
Calculate the greatest common divisor of 86824775 and 5.
5
What is the highest common factor of 707 and 261001776?
707
What is the greatest common divisor of 1158070 and 74?
2
What is the greatest common factor of 19995392 and 13616?
592
Calculate the highest common divisor of 660 and 24673.
11
What is the greatest common divisor of 21514 and 65930?
694
Calculate the greatest common divisor of 673334840 and 1068.
356
Calculate the highest common factor of 19376 and 3685592.
1384
What is the greatest common divisor of 703 and 1016797?
37
Calculate the highest common factor of 725496 and 16986.
114
What is the highest common factor of 976 and 5736623?
61
What is the highest common divisor of 5307 and 882975?
183
What is the greatest common divisor of 297104580 and 180?
180
What is the greatest common factor of 16755 and 4605?
15
What is the greatest common factor of 3663276 and 1956?
12
What is the greatest common factor of 763 and 676127?
109
Calculate the greatest common divisor of 46241175 and 22525.
1325
Calculate the highest common factor of 23243 and 12771.
11
What is the highest common divisor of 3867363 and 486?
9
Calculate the highest common factor of 5777 and 2783507.
53
What is the greatest common divisor of 9 and 579629736?
9
What is the highest common divisor of 62291598 and 42?
6
What is the highest common divisor of 20 and 2305180?
20
Calculate the highest common divisor of 1756 and 22109357.
439
What is the highest common factor of 3632471 and 9089?
149
What is the highest common factor of 357 and 26396223?
357
Calculate the greatest common factor of 12562927 and 13.
13
Calculate the highest common divisor of 51849129 and 7743.
87
What is the highest common divisor of 526703 and 229?
1
Calculate the greatest common factor of 122700 and 14700.
300
Calculate the highest common divisor of 266045384 and 1991.
1991
What is the greatest common divisor of 300 and 7765650?
150
What is the greatest common factor of 10409016 and 18408?
1416
What is the greatest common divisor of 705185 and 6413472?
7423
What is the greatest common divisor of 2040 and 10529310?
30
Calculate the highest common factor of 53800 and 4250.
50
Calculate the greatest common factor of 1441360 and 16985.
215
Calculate the greatest common divisor of 662562600 and 105.
105
What is the greatest common factor of 3860698609 and 157?
157
Calculate the highest common divisor of 143964792 and 144.
72
What is the highest common factor of 472 and 457089284?
236
Calculate the greatest common divisor of 73535 and 1274161.
1337
Calculate the highest common factor of 4188 and 3247704.
12
What is the greatest common divisor of 55959 and 8625?
69
What is the highest common factor of 219975465 and 87660?
7305
Calculate the greatest common divisor of 1260078 and 18.
6
What is the greatest common factor of 16422 and 4052324?
782
Calculate the highest common divisor of 7104 and 70189296.
1776
What is the highest common factor of 145539515 and 39655?
5665
What is the highest common divisor of 28222 and 6113874?
206
What is the highest common factor of 3805764 and 3588?
276
What is the greatest common factor of 286050 and 28425?
75
Calculate the highest common factor of 802801 and 478.
239
Calculate the highest common factor of 364 and 31158596.
28
What is the greatest common divisor of 58822903 and 3?
1
Calculate the highest common divisor of 608650 and 22466.
94
What is the greatest common divisor of 365692500 and 900?
900
What is the highest common factor of 5154924 and 265872?
348
What is the greatest common divisor of 568 and 8592207?
71
What is the greatest common factor of 95430 and 2340?
30
What is the greatest common divisor of 779 and 6899?
1
Calculate the highest common factor of 110 and 6006990.
110
Calculate the greatest common divisor of 10851689 and 8666.
619
What is the greatest common divisor of 11905360 and 160?
80
Calculate the highest common factor of 108624 and 2463384.
744
Calculate the greatest common factor of 73319298 and 1014.
1014
What is the greatest common factor of 80673934 and 1594?
1594
What is the highest common divisor of 1175 and 105631325?
1175
Calculate the greatest common factor of 40938084 and 2508.
2508
Calculate the greatest common divisor of 25622961 and 6188.
1547
Calculate the greatest common factor of 103071 and 9588.
2397
What is the greatest common factor of 40614248 and 1216?
152
Calculate the greatest common divisor of 47328025 and 401.
401
Calculate the greatest common factor of 28260023 and 33.
11
What is the highest common divisor of 44 and 1527845?
11
What is the greatest common factor of 4184 and 157456472?
4184
What is the greatest common factor of 1466 and 660459388?
1466
Calculate the highest common factor of 269830 and 17424.
242
What is the highest common factor of 154 and 2708002?
22
Calculate the greatest common factor of 481743094 and 994.
994
What is the greatest common factor of 1281015 and 3573?
9
What is the greatest common divisor of 8 and 16853432?
8
Calculate the highest common divisor of 3213 and 859383.
189
What is the highest common factor of 204414 and 634074?
1302
Calculate the greatest common divisor of 17523 and 3885563.
649
Calculate the highest common divisor of 3378 and 222.
6
Calculate the greatest common divisor of 840 and 9916410.
210
What is the highest common divisor of 38 and 1079507933?
19
Calculate the greatest common factor of 2549486 and 932.
466
Calculate the greatest common divisor of 463120 and 11095.
35
What is the highest common factor of 781 and 813731?
71
Calculate the highest common factor of 477107273 and 523.
523
Calculate the greatest common factor of 7769138 and 1976.
494
What is the greatest common divisor of 8 and 15760664?
8
What is the highest common divisor of 13374 and 2880018?
18
Calculate the highest common divisor of 4407850 and 13333.
199
What is the greatest common factor of 13878 and 23813877?
771
Calculate the highest common divisor of 7 and 159399107.
7
Calculate the greatest common divisor of 2456532 and 10179.
3393
What is the greatest common divisor of 2936436 and 4452?
12
Calculate the greatest common factor of 4150 and 933133725.
2075
Calculate the greatest common divisor of 368 and 2741264.
16
What is the greatest common factor of 7880532 and 11616?
132
Calculate the greatest common factor of 92395 and 118830.
85
Calculate the highest common factor of 864 and 1003098.
6
What is the highest common factor of 42263 and 793?
13
What is the highest common factor of 227780 and 3192?
28
What is the highe